4)).
-23
What is the value of 95 - 83 - (1 + -3) - -16?
30
Evaluate -25 + 56 + -36 - (4 - -2).
-11
11 + (198 + -200 - ((-3 - -3) + 6))
3
Evaluate (-11 - 9) + (-6 - (9 + -17)).
-18
(0 - -3) + -13 - (2 - (-12 + 20))
-4
What is the value of 6 - 9 - (-12 + (-5 + 7 - 4))?
11
Evaluate (-32 - (-17 + 7)) + 11.
-11
What is (-4 - (6 + -4)) + -3 - (7 - 5)?
-11
-8 - ((-3 - 9) + -6) - 17
-7
6 + (11 - 31 - -4) + -4
-14
Calculate 3 + -4 - (1 + -4 + (-60 - -60)).
2
What is the value of (-22 - (-11 + 0)) + 7?
-4
What is -5 + 11 + -33 - -16?
-11
Evaluate (210 - 180) + (0 - 26).
4
50 + -61 - (-2 + -13)
4
What is -12 + 34 + (-21 - -11) + -9?
3
Evaluate -6 - ((4 - 2) + 8) - -6.
-10
3 + (-4 - -13) + 13 + -35
-10
What is the value of (2 - 1) + (-26 - (-9 - 11))?
-5
What is 5 + 1 + (316 - 316)?
6
-4 + 0 + (-36 - -37)
-3
-2 - -32 - (-14 + (-6 - -27))
23
What is the value of 1 - (0 + 5 + -12 - 14)?
22
Evaluate -20 + (-16 - -35) + (-7 - -4).
-4
Evaluate 2 + -24 - (19 + -8 + -16 + 12).
-29
What is the value of (27 - 31) + 38 + -30?
4
-1 + -1 + (8 - 4) + -6 + 2
-2
(7 - 21) + -2 + -1 + 5 + 2
-10
Evaluate -12 + (-19 - -41) + (0 - 6) - 11.
-7
15 + -32 + -17 - (-8 - 1)
-25
Evaluate -9 + -6 + 16 - -11.
12
-7 + -34 + 76 - 37
-2
Evaluate (10 - 6) + 2 + (-7 - (11 + -1)).
-11
Calculate (0 - -4) + -12 + 3 + (-23 - -4).
-24
(-10 - -15) + 1 + -6 + 7
7
Calculate -67 - -90 - (4 - 11).
30
Calculate (14 - (7 - 8)) + -4 - (0 + 0).
11
What is the value of -5 - -12 - (1 - (5 + -1 + -1))?
9
What is the value of 21 - (12 + 20 - -7)?
-18
5 + -20 - (13 + -40)
12
Evaluate (-1 - (-6 + -5 + -10)) + -8.
12
Evaluate (-14 - (-2 + 3)) + (2619 - 2628).
-24
(-100 - -88) + (-10 - -2)
-20
What is -6 + 6 + -5 + 0 - (5 + 8)?
-18
9 - (-9 + 9 - -2) - 14
-7
What is (15 - (-12 - -22)) + (3 - (-2 + 1))?
9
Evaluate -5 + (-9 - (1 + -12) - 12).
-15
What is (-7 - (-5 - 6)) + (-1 - -9)?
12
What is the value of 8 + 1 + 1 + (-94 - -89)?
5
Evaluate 19 + -15 + 21 + -6.
19
0 + 7 + (16 - (21 + -20 + 19))
3
-1 + 20 - ((144 - 154) + (2 - -6))
21
6 - 3 - (3 - (-5 + 13))
8
What is 10 + 2 + (11 - 18) + 6 - 2?
9
What is the value of (2 - 4) + 7 + 7 + -22 - -7?
-3
What is 9 - (2 - -3) - (-48 - -64)?
-12
Calculate 2 - 3 - 6 - (-1 - 20).
14
Calculate -6 + 10 + (-10 + 1 - (2 - 2)).
-5
(-1 + -1 - (-55 - -50)) + 8
11
What is the value of 12 - (18 + -2) - 4?
-8
Calculate -6 - ((2 - 4) + -1 - (62 + -61)).
-2
13 + (3 + 12 - 31) + 28
25
Evaluate -42 + (17 - (-5 + 1 + 4)).
-25
-42 + 45 - (2 + -2 + 2)
1
Calculate 14 + -7 + 3 + -4 - (-1 + 0).
7
Evaluate -5 - (16 + -27) - -11.
17
What is 12 + 14 - (-43 - -53)?
16
What is 3 + -2 + -32 + (-22 - -28)?
-25
Calculate -7 + 3 + 1 + -5 + -3.
-11
Evaluate 9 - ((20 - 14) + (9 - 6)).
0
What is (19 - (8 + 13)) + 25?
23
Calculate (-11 - (-10 - -6) - 1) + 9.
1
Evaluate 10 + 9 + -7 - (17 + -9).
4
(-1 - 4) + (1 - 22) + 28 + 7
9
What is 45 - 41 - (-1 + (3 - -4))?
-2
Evaluate 6 + (-15 - (0 + -8)) + -9 + -10.
-20
Calculate 1 - 6 - (-2 - (0 + -1)).
-4
What is 3 - (6 - (-12 + 16))?
1
Calculate -4 + 3 - ((10 - 6) + -2 + -1).
-2
6 + (4 - (31 - 19)) + (7 - -1)
6
4 + 9 + (4 - (11 + 0 + -6))
12
-15 - (-15 + 16 + -5) - 12
-23
What is the value of (0 - -1 - 1) + (8 - -18) + -6?
20
Evaluate -577 - -569 - (1 + -14).
5
What is the value of (-4 - 17) + (8 - -42)?
29
-10 + 6 + 2 + 10 - 2
6
Calculate 20 + 2 - (-9 - (9 + -27)).
13
Evaluate (5 - (-1 - 1 - -11) - -1) + 1.
-2
What is the value of (7 - (-16 + 4 - 12)) + (1 - 3)?
29
What is (-17 - -23) + -3 - (3 + -19 + -1)?
20
What is -39 + 48 - (14 - 3)?
-2
What is the value of (-19 + 13 - 15) + 20?
-1
What is (2 - 8) + -66 + 59?
-13
-12 + -1 - ((1 - 9) + 117 + -116)
-6
Evaluate -2 + -2 - (-34 - -35) - -11 - 4.
2
What is -14 + -6 + 0 - (5 + -9)?
-16
2 - (-143 - -130 - (-24 + 0))
-9
Calculate -1 + 4 + 2 + -11 + (-5 - -16).
5
What is the value of 32 + (-14 - -39 - 16 - (2 - -12))?
27
What is the value of 2 + -4 - ((24 - 16) + -18)?
8
Calculate 24 - (-8 + 8) - 9.
15
Evaluate 18 + 1 + (39 - (8 + 46)).
4
Calculate (-32 - (30 + -27)) + 25.
-10
What is -13 + 7 + (2 - -16 - 17)?
-5
What is the value of 4 - ((3 + 5 - 10) + -8)?
14
What is 64 + -71 - (5 + (-3 - 0) - 7)?
-2
156 + -146 + -12 + 1 + 2
1
Evaluate -17 + (7 - 16 - -3).
-23
What is -18 - -16 - (0 + -2 - -6)?
-6
Calculate -11 - 4 - -3 - -6.
-6
Calculate 3 - -3 - 2 - 5 - -16.
15
What is -1 + -11 - (50 + (-28 - 7))?
-27
Calculate -17 + 3 + 6 + 7 - 11.
-12
Calculate (-1 - 2 - (16 + -10 - -9)) + -6.
-24
-3 - (9 + -4 + -11 - -14)
-11
Evaluate -26 + (-12 + 6 - -15 - -1).
-16
Calculate (1 - (9 + -9)) + 5.
6
-4 + 2 - (-1 + 1) - (-2507 - -2509)
-4
What is the value of -14 + -10 + -26 + 20?
-30
What is (28 - 17) + -9 - 3?
-1
What is -11 + (18 - 14) + -5 + 8?
-4
What is -16 + (36 - 4) + -1?
15
What is the value of 10 - (-10 + (45 - 7) + -11)?
-7
Calculate -14 - (-1 - (8 - (-6 - -4) - 4)).
-7
What is -31 + 40 - (28 + -2)?
-17
-11 - (1 - 19 - (54 + -63))
-2
Evaluate 1 + -20 + -15 + 1 + 15.
-18
What is the value of -8 - 0 - (-5 + 9 + -4 - -9)?
-17
Evaluate 24 + (-54 - (-23 - 4)).
-3
Evaluate (-167 - -179) + (1 - 5).
8
Evaluate 5 + (-3 - 2) + (-13 - 0).
-13
What is the value of 7 - 44 - (-191 + 173)?
-19
Calculate (16 + -10 - 11) + -7 + 9.
-3
Evaluate -4 + 1 + 19 + (74 - 70).
20
What is -9 + 0 + (-10 + 10 - 9) + 16?
-2
What is the value of -10 + 6 + (-3 - -14) - (-2 - -13)?
-4
What is the value of 3 - (16 - 4) - (0 + -1 - 7)?
-1
What is 6 + (13 - 16) + -21?
-18
Calculate 8 - (4 + 16 - 0).
-12
Evaluate 28 + (-24 - (6 - 13)).
11
Evaluate (0 + 0 + -86 + 83 - 4) + -6.
-13
(17 - (-13 - -12 - -3)) + 15
30
Evaluate -24 + 1 + 9 - -11.
-3
What is the value of (0 - -17) + -5 + 6 + -6?
12
-2 + (-3 - (-3 + 10 - 0))
-12
Evaluate 663 + -652 - (-2 + 9).
4
What is the value of -7 + (-3 - -7 - 5 - -1)?
-7
What is the value of -10 - (5 + 12 + -38)?
11
What is (-19 - -1 - -25) + -25?
-18
What is the value of (0 - (1 - -11)) + -2591 + 2590?
-13
What is 14 - (25 + -12 + -14)?
15
Calculate -14 + (13 - (21 - 24)).
2
What is 4 - (9 + -20 - -11) - 20?
-16
What is 19 + -39 + -3 + 36?
13
-31 - ((-1 - 17) + (-524 - -527))
-16
Evaluate 5 + ((1 - 12) + 5 - 1).
-2
Calculate 27 + -15 + -5 + (15 - 2).
20
What is the value of (-41 - (-6 + -6 + 7)) + 4 + 6?
-26
Calculate -41 - (-10 - -5 - 31).
-5
What is -34 - (-3 + 11 - 16) - -3?
-23
(5 - -1 - 12) + 3 + 5
2
Evaluate 13 - (20 + -28 + 8).
13
(-4 - 4 - 2) + (-5 - (-37 - -2))
20
What is the value of 8 - (-6 + -3 + 8) - -6?
15
Calculate -5 + -38 + 23 + 8.
-12
Evaluate -7 + 1 + 16 + -14 + (25 - 2).
19
What is the value of 0 + -12 - (13 + -15)?
-10
Calculate -36 - (-24 + -4 + -18).
10
Calculate 15 + -2 + -35 + 3 - -9.
-10
What is -20 - (-24 + 22 + -32)?
14
What is -40 - (17 + -114) - 20?
37
-4 + -3 + 1 - (1 + 0) - -2
-5
Evaluate -10 - (2 + 4 + -21).
5
Evaluate 9 - 2 - -5 - 0 - 11.
1
(-12 - (-44 + 10)) + -12 + 3 + -1
12
-34 - (-33 - (-49 + 46))
-4
What is the value of 2 - (37 + (-11 - 35))?
11
Evaluate 2 + (11 - 11) - 7.
-5
Calculate 100 - 91 - (-5 + -1) - 10.
5
What is the value of 3 + (1 + -6 + 10 - (7 - -1))?
0
Calculate -7 + -11 + (9 - 6).
-15
What is the value of -4 + 5 + -1 - (-16 + 3 - 2)?
15
Evaluate (0 - (-9 + 0 - -7)) + 2.
4
Calculate (10 - (-10 - -19 - 3)) + -12 + 1.
-7
-7 + (-71 - -75 - (3 + 1)) + -4
-11
What is the value of -4 - (-10 + 5) - 10 - -24?
15
Calculate (4 - (-16 + 16)) + 19 - -5.
28
Calculate 27 + -34 + 0 + -1 + 8 + -5.
-5
Evaluate -8 + 1 + 16 + -12 + 8 + -3.
2
Calculate -18 - (-3 - 6 - -2 - (-14 + 4)).
-21
What is the value of 2 + 7 + -1 + (210 - 205)?
13
Calculate 15 + -8 + (5 - (26 - 4)).
-10
Evaluate 2 - (9 + 15) - -45.
23
(-459 - -458) + (0 + -6 - 1) + 4
-4
Evaluate 22 + -2 + -19 - -5.
6
What is the value of 2 + -3 + (14 - (17 - 7))?
3
1 + 0 + 10 + (-5 + 6 - 9)
3
What is -40 + -38 + 88 - (-1 + 26)?
-15
What is 6 - ((-6 + 7 - -2) + 8)?
-5
(-30 - -7) + 7 + 5 + -3
-14
Calculate 3 + (0 - (-9 - (-7 + 13 - 12))).
6
Calculate -16 - 0 - (602 - 610).
-8
What is 10 + -4 + 0 - (4 + 1 + -9)?
10
Evaluate (21 - (0 + 0)) + (23 - (-81 - -105)).
20
Calculate (-5 - (-2 - -11)) + -9 + -4 + 1.
-26
Evaluate -18 + 4 + -26 + 60 + (0 - -9).
29
3 - (-7 + 1) - -5 - 1
13
0 + 15 + 18 + -9
24
What is 13 + -4 - ((2 - 11 - -2) + 12)?
4
What is the value of -4 - 18 - (1 - 22)?
-1
Evaluate (14 + -28 - -16) + 1 + -9.
-6
What is the value